d 21243180.
555
What is the greatest common factor of 94 and 69189734?
94
Calculate the highest common factor of 448 and 43024352.
224
Calculate the highest common divisor of 84 and 643693792.
28
What is the greatest common factor of 376 and 28250102?
94
What is the highest common divisor of 62 and 94599383?
31
What is the highest common divisor of 84 and 192528?
84
Calculate the greatest common divisor of 353638 and 28.
2
What is the highest common factor of 2396044 and 70384?
332
What is the highest common factor of 490203 and 241893?
279
What is the highest common divisor of 1710102 and 4?
2
What is the highest common factor of 132769648 and 352?
176
What is the highest common factor of 1088 and 4364716?
68
Calculate the greatest common factor of 148610 and 1036410.
1930
Calculate the highest common divisor of 5 and 32991935.
5
What is the highest common factor of 2035890 and 54?
18
Calculate the highest common divisor of 3070496 and 207766.
1586
What is the greatest common factor of 644 and 15164268?
644
What is the greatest common factor of 47566 and 19958?
34
Calculate the greatest common factor of 1021906 and 3966.
1322
What is the greatest common factor of 72375 and 93?
3
Calculate the greatest common divisor of 1768 and 86454724.
68
What is the greatest common divisor of 329660 and 59784?
212
What is the greatest common divisor of 6009993 and 95733?
99
Calculate the highest common factor of 13843 and 60198.
127
What is the greatest common divisor of 99 and 12054317?
11
What is the greatest common factor of 4835356 and 1337?
191
Calculate the greatest common factor of 12247 and 377659.
37
What is the greatest common factor of 325060672 and 3488?
3488
Calculate the highest common factor of 135050 and 1533650.
1850
Calculate the highest common divisor of 1572550 and 8750.
350
Calculate the greatest common divisor of 6845 and 60670.
5
Calculate the greatest common divisor of 840565 and 66827.
17
What is the greatest common factor of 203885924 and 748?
44
What is the highest common factor of 843727233 and 615?
123
Calculate the highest common factor of 173748194 and 34.
34
Calculate the highest common factor of 49770 and 18045.
45
What is the highest common divisor of 229827 and 70503?
213
Calculate the highest common factor of 7128 and 36495624.
264
What is the highest common factor of 36 and 1126172?
4
Calculate the greatest common factor of 51533248 and 552.
184
What is the highest common factor of 240 and 4271880?
120
What is the highest common divisor of 27399920 and 6800?
1360
What is the greatest common factor of 7769418 and 246?
246
What is the greatest common divisor of 52781 and 51136?
47
Calculate the greatest common divisor of 121702 and 203.
7
What is the highest common divisor of 212 and 475516?
212
Calculate the greatest common factor of 7737618 and 84.
42
Calculate the highest common divisor of 209557677 and 333.
111
Calculate the greatest common factor of 826 and 68054.
14
What is the greatest common factor of 1365 and 11552970?
195
What is the highest common factor of 123333 and 21441?
21
What is the highest common divisor of 23017045 and 395?
395
What is the greatest common divisor of 77996215 and 4245?
1415
What is the greatest common divisor of 997125 and 6675?
75
What is the highest common divisor of 711932 and 4316?
52
What is the highest common divisor of 36 and 18569196?
36
Calculate the highest common divisor of 40 and 16017790.
10
What is the highest common factor of 378164586 and 3474?
1158
What is the greatest common factor of 196700 and 25340?
140
What is the greatest common factor of 948 and 66332?
4
Calculate the greatest common factor of 233220 and 6141.
69
What is the greatest common divisor of 11976 and 818544?
24
Calculate the highest common divisor of 26418 and 808968.
222
What is the highest common factor of 14724 and 586476?
36
Calculate the highest common factor of 1765638 and 257770.
346
What is the highest common divisor of 400 and 51210944?
16
Calculate the greatest common factor of 169671 and 918873.
69
Calculate the highest common factor of 3255630 and 630.
210
What is the highest common divisor of 4250 and 23027350?
850
Calculate the highest common factor of 10276869 and 6.
3
Calculate the greatest common factor of 638928 and 29784.
408
Calculate the greatest common factor of 143868 and 419748.
228
Calculate the highest common factor of 46 and 24245450.
46
What is the greatest common divisor of 23832 and 108306?
18
Calculate the greatest common divisor of 540523 and 264546.
1633
What is the highest common factor of 1314990792 and 54?
18
Calculate the highest common factor of 697563957 and 1164.
291
What is the highest common factor of 760 and 67529230?
190
What is the highest common factor of 168000 and 7394940?
420
Calculate the highest common divisor of 9081 and 1692.
9
What is the highest common divisor of 236007 and 675?
27
Calculate the highest common factor of 2502269 and 1848.
77
Calculate the highest common divisor of 1566110 and 457730.
910
Calculate the highest common divisor of 781026636 and 222.
222
What is the highest common factor of 152934 and 170166?
2154
What is the greatest common factor of 9731 and 788914?
37
Calculate the highest common divisor of 153612404 and 820.
164
What is the highest common factor of 4988 and 1520351?
43
What is the greatest common factor of 14542470 and 1890?
270
What is the greatest common factor of 684880 and 25340?
140
What is the highest common factor of 10479794 and 86242?
2782
Calculate the highest common factor of 366105 and 255.
15
Calculate the highest common factor of 23124 and 20676.
12
What is the highest common factor of 266 and 1819554?
38
Calculate the greatest common divisor of 1516440 and 1344.
24
What is the greatest common divisor of 208874 and 87127?
577
What is the highest common divisor of 7928328 and 24?
24
What is the highest common factor of 817494900 and 123?
123
What is the highest common factor of 62755938 and 378?
378
What is the greatest common factor of 1403988 and 80580?
948
What is the highest common divisor of 10 and 16004195?
5
Calculate the greatest common factor of 10207 and 152279.
59
What is the greatest common factor of 489 and 24747801?
489
What is the greatest common factor of 2431 and 3291717?
143
What is the greatest common factor of 12670 and 104075?
905
Calculate the greatest common divisor of 1498 and 11535349.
749
Calculate the highest common factor of 64448146 and 42.
14
What is the highest common divisor of 59496 and 274432?
536
What is the greatest common divisor of 22367169 and 66?
33
Calculate the highest common divisor of 288 and 658428.
12
Calculate the highest common factor of 35705748 and 1872.
156
Calculate the greatest common divisor of 25179176 and 176.
88
What is the greatest common factor of 25835376 and 336?
336
Calculate the highest common factor of 15309 and 279.
9
Calculate the highest common divisor of 12432 and 478663080.
6216
What is the highest common divisor of 2805754 and 42?
14
Calculate the highest common factor of 114 and 139590435.
57
Calculate the greatest common divisor of 350 and 38856670.
10
Calculate the highest common factor of 174483680 and 504.
56
Calculate the highest common divisor of 264 and 93383103.
33
What is the highest common divisor of 2704 and 37463244?
676
Calculate the greatest common divisor of 33661854 and 30.
6
Calculate the highest common divisor of 314 and 252333226.
314
Calculate the greatest common factor of 68 and 2112576.
4
What is the greatest common factor of 1016831 and 1891?
31
Calculate the greatest common divisor of 19705 and 60620.
35
What is the greatest common factor of 9624 and 113472?
24
Calculate the greatest common divisor of 1198 and 280539254.
1198
What is the highest common factor of 822934 and 6622?
602
Calculate the highest common factor of 1052 and 32902352.
1052
Calculate the greatest common factor of 431409 and 891.
33
What is the highest common factor of 1459556 and 196?
28
What is the greatest common divisor of 68424353 and 871?
67
Calculate the highest common factor of 305184255 and 261.
87
What is the greatest common factor of 12383452 and 4?
4
What is the highest common divisor of 10794994 and 882?
98
What is the high